z = 7 + 6. Let c(m) = -m - 9*m + 22*m - z - 11*m. List the prime factors of c(17).
2
Let n = 30903 - 30054. What are the prime factors of n?
3, 283
Let u = -66 - -83. Suppose -u*w = -7*w - 4270. List the prime factors of w.
7, 61
Let h(c) = 53648*c**2 - 7*c - 2. What are the prime factors of h(1)?
53639
Let w = 2412 + -2408. Suppose -o + 2*f + 86 = -2*f, f + 158 = 2*o. Suppose -o = -w*g + 38. What are the prime factors of g?
29
Suppose -2*k - 31 = -3*n, n + k + 22 = 3*n. Suppose -7 = -3*d - 0*z + z, 5*z = 3*d + n. List the prime factors of (-4)/(4/(-27)) - d.
23
Let x(s) = 3*s**2 + 69*s + 1060. List the prime factors of x(-39).
2, 733
Suppose -5*t + 10*t = l + 6, 3*t = -3*l + 18. Suppose 2*k + 3*d = 1197 + 20, -2444 = -l*k + 4*d. What are the prime factors of k?
2, 5, 61
Suppose 144*w = 115*w + 31146. What are the prime factors of w?
2, 3, 179
Suppose -6*z + 9*z - 18 = 0. Suppose 3*p - p - z = 0. Suppose o = 5*l + 32, p*o + 5*l - 2 = 34. List the prime factors of o.
17
Let y be 7/((-42)/12) - 64. Let s = y - -100. What are the prime factors of s?
2, 17
Suppose 11051*g = 11047*g + 22840. List the prime factors of g.
2, 5, 571
Suppose -3*n - 4*n = -49. Suppose 0 = 5*k - n*k - 20. Let h = 93 - k. List the prime factors of h.
103
What are the prime factors of ((-125267)/(-114) + 19)*30?
5, 19, 353
Suppose -n = 4*u + 203 - 3975, u - 18936 = -5*n. List the prime factors of n.
2, 947
Suppose 8*l - 20 = 12*l, -l + 11527 = 2*i. What are the prime factors of i?
2, 3, 31
Let n be 136/10 + (-26)/(-65). Let v(p) = 13*p - 29. Let l be v(n). Suppose l = g - 4*d, -7*g + 2*g = 2*d - 809. What are the prime factors of g?
7, 23
List the prime factors of 282884/44 - (-18)/(-99).
3, 2143
Let n(i) = 12*i**3 - 12*i**2 + 2*i. What are the prime factors of n(7)?
2, 7, 11, 23
Suppose 5*i = 56 - 26, 0 = -5*r + 3*i + 120722. List the prime factors of r.
2, 6037
Suppose 2*w + 4*s = 5*w + 32, -4*s + 4 = 4*w. What are the prime factors of (w + -2)*(461/(-3) - -4)?
2, 449
Suppose 5*f = -120 + 335. Suppose -16*k + f*k = 8883. What are the prime factors of k?
7, 47
Let n(y) be the second derivative of 7*y**4/12 + 5*y**3/6 - y**2 + 28*y. Let x be n(-4). Let s = x + -50. What are the prime factors of s?
2, 5
Suppose 2*k = -2*t + 37558 + 23902, -30718 = -k + 3*t. What are the prime factors of k?
30727
Suppose 3*c = 8*d - 3*d - 770, 0 = -5*c + 2*d - 1258. Let s = c - -329. What are the prime factors of s?
79
Suppose 0 = -22*w + 23*w + 83. Let f = -83 - w. List the prime factors of (-3)/21 + f + 1794/14.
2
Suppose -4*d - 2*h - 6 = 4, -3*h = d + 5. Let o be (65/25 - d)*5. Suppose -7 + o = 2*j. What are the prime factors of j?
2
Suppose 70720 = -27*h + 44*h. List the prime factors of h.
2, 5, 13
Let m(k) = -251 - 268 + 571 - 12*k. List the prime factors of m(-19).
2, 5, 7
Suppose k = 5*f + 42527, 3*k - f = 48953 + 78530. List the prime factors of k.
2, 3, 3541
Let w(m) = 247*m**2 + 3*m + 23. Let h(n) = -62*n**2 - n - 6. Let g(z) = -9*h(z) - 2*w(z). Let l be g(-3). List the prime factors of 1*l/10*(-24)/(-20).
3, 23
Let d = 23915 - -12526. List the prime factors of d.
3, 4049
Let d(z) = -83*z**3 + 4*z**2 + 3*z. Let y be d(-1). Suppose -4*s + 2*s + a = -51, -4*s + y = 4*a. List the prime factors of s.
2, 3
What are the prime factors of 7 + 1069 + 2*(-2 + (-5)/(-2))?
3, 359
Let j(k) = 2*k**2. Suppose 5 = -2*d + 3*g - 5, -4*g + 17 = d. Let w be j(d). Suppose 2*x + 3*x - 113 = 4*a, -w*a + 6 = 0. List the prime factors of x.
5
Let f be 3*1 + 7/(-7). Let t be 500/16 - (10/8 - f). Suppose l + t - 65 = 0. List the prime factors of l.
3, 11
Let j = 2195 + -1223. Let y = j + -122. List the prime factors of y.
2, 5, 17
Suppose 3 = -z, 0 = 4*p + 2*z - 2023 - 9055. List the prime factors of p.
17, 163
Suppose 0 = -10*q - 2092 + 12402. Let u = 413 + q. List the prime factors of u.
2, 19
Suppose -45 - 19 = z. Let t be 9/(-6)*z/24. List the prime factors of (2652/(-130))/(t/(-10)).
3, 17
Let d(w) = -25*w - 15*w + 2*w - 19 - 4*w. Let v be d(-11). Suppose 0 = -m + 3*x - 0*x + 161, -x = 3*m - v. List the prime factors of m.
149
Let a(y) = -6656*y - 1449. What are the prime factors of a(-3)?
3, 6173
Suppose 0 = -16*x - 37*x + 202195. What are the prime factors of x?
5, 7, 109
Let n = 19850 + 1720. What are the prime factors of n?
2, 3, 5, 719
Suppose -247*f = -252*f + 985. Suppose -186*b + f*b - 583 = 0. List the prime factors of b.
53
Suppose 4*r + 7035 = 3*p, -4*p + 9355 = 40*r - 37*r. Let y = p + -1546. What are the prime factors of y?
3, 5, 53
Suppose 3*w = -5*i + 225, 335 = 4*w - 3*i + 6. Suppose -25 - w = 5*a. Let o = 106 + a. What are the prime factors of o?
5, 17
Suppose -339*l + 6403037 = -13171162. List the prime factors of l.
3, 19, 1013
Suppose 25269 - 10312 = s. List the prime factors of s.
14957
Suppose 412725 = 20*u - 392055. List the prime factors of u.
3, 17, 263
Let x be ((-88)/(-3))/(1*1/(-3)). Let u = x - -91. Suppose u*y - 103 - 137 = 0. List the prime factors of y.
2, 5
Suppose 31*w - 12 = 25*w. Suppose 3*h - 22*s - 502 = -18*s, w*s = 2*h - 332. What are the prime factors of h?
2, 3
Suppose -5986 = -124*l + 7617 - 3063. Let v = 2 + -3. Let j = l + v. List the prime factors of j.
2, 3, 7
Let u = 71 + -27. What are the prime factors of -7 + 16096/u + (-4)/(-22)?
359
Suppose 0 = -3*j + 3*c + 23943, -7*c + 12*c = 3*j - 23947. List the prime factors of j.
79, 101
Let l = 6 - 2. Let v(o) = -5*o**2 - 34*o + 235. Let j be v(-11). Suppose l*h + 306 = 6*h - 4*u, -747 = -5*h + j*u. What are the prime factors of h?
3, 7
Suppose -3*q + 285 = -4*u + 2676, -4*u + 2385 = 3*q. Suppose 10*z = 543 + u. What are the prime factors of z?
2, 3, 19
Suppose 3*v = -4*k + 2856, 4*v - 3*k + 1031 = 4814. Suppose 2*h = -2*g + 474, -5*h + g + v = -h. List the prime factors of h.
3, 79
Let o = -24 + 101. Let g be ((-352)/(-24) - 14) + (-304)/6. Let z = o + g. List the prime factors of z.
3
Suppose -1 = j, -2*x + 24 = 2*j + 2. Suppose -12 - x = 8*l. Let a(n) = 8*n**2 + n + 1. List the prime factors of a(l).
2, 5, 7
Suppose -5*c + 19487 = w + 2344, -4*w - 2*c + 68482 = 0. List the prime factors of w.
2, 3, 317
What are the prime factors of (-7800)/(-1) + -30 + 1 + 21?
2, 487
Let r(f) = 177*f**2 - 14*f - 6. What are the prime factors of r(3)?
3, 5, 103
Let l be 0*(4 - 33/9). Suppose s - 4*a - 555 = l, 706 + 915 = 3*s - a. What are the prime factors of s?
7, 11
Let n(j) = -2*j**3 - 6*j**2 - 3*j - 1. Let d = 78 - 82. Let k be n(d). Suppose 5*i - 908 + k = 0. What are the prime factors of i?
173
Suppose 472 = z - 5*p + 187, 2*z + 5*p = 615. Suppose 5*f = 3*f + 332. Let h = z - f. What are the prime factors of h?
2, 67
Suppose 8782 = 5*w + 3*v, -2290 = -2*w - 4*v + 1220. Let p = -664 + w. List the prime factors of p.
1093
Let w(v) = v**2 + 16*v + 40. Let n be w(-13). Let c(k) = 674*k**3 + 2*k**2 - 3*k + 3. What are the prime factors of c(n)?
2, 13
Let w(t) = 2*t**3 - 24*t**2 + 23*t - 24. Let p(h) = -5*h**2 - 21*h - 6. Let x be p(-3). What are the prime factors of w(x)?
2, 3, 7
Let y(l) = l**3 - 10*l**2 + 2*l - 17. Let x be y(10). Suppose x*o - 2358 = o. List the prime factors of o.
3, 131
Suppose -5*b - 43*b - 52244 = -708404. What are the prime factors of b?
2, 5, 1367
Suppose z - 2*z + 28 = 4*v, -z + v = -33. Suppose 9*b + 157 = -z. Let o = b - -56. What are the prime factors of o?
5, 7
Let a be ((-23056)/12)/(-4) + 16/(-12). Suppose a = 2*h - 389. Let m = h + -261. List the prime factors of m.
173
List the prime factors of 7203/((-6)/(-4)*66/231).
7
Let d(n) = -10*n - 87. Let g be d(-9). Suppose 4*i - h = g*h + 892, i + 2*h = 223. List the prime factors of i.
223
List the prime factors of (684/54)/(2/324).
2, 3, 19
Let z = 304 - 70. Suppose 5*b = 8*b - z. Suppose c + 3*j = 24, 3*j = -5*c + 2*j + b. List the prime factors of c.
3, 5
Suppose -z + 6 + 182 = 0. What are the prime factors of z?
2, 47
Suppose -8*k = 4*x - 76344, -56*x + 4*k = -51*x - 95332. List the prime factors of x.
2, 149
Let o(h) = -3*h**3 - 3*h**2 + 13*h - 4. Let c be o(-7). Let w = -422 + c. What are the prime factors of w?
5, 73
Suppose 0 = 5*f - p - 1137, 3*f - 69*p - 693 = -72*p. List the prime factors of f.
2, 3, 19
Suppose -i = 5, -12 = -2*d - 5*i + 9. Suppose 20*q = d*q - 795. List the prime factors of q.
5, 53
Suppose 0 = h + 3*h - 2*r - 